e prime factors of y.
2, 5
Let s(o) = o + 4. Let w be s(0). List the prime factors of -2*((-14)/w + -1).
3
Let p(d) = -d + 1. Let r(m) = -9*m + 10. Let z(a) = 24*p(a) - 3*r(a). Suppose -5*x + 41 = 4*l - 2, 3*l - 6 = 0. List the prime factors of z(x).
3, 5
Let v(c) = -c + 1. What are the prime factors of v(-2)?
3
Let n = 225 + 37. What are the prime factors of n?
2, 131
Let i(u) be the first derivative of 2*u**3/3 - 3*u - 4. List the prime factors of i(3).
3, 5
Let v(u) = 3*u**3 + u**2 - u. Let m be v(1). Suppose 15 = 4*r + m. List the prime factors of 9/r*1 + 20.
23
Suppose -4*g = -9*g. Let k = g + 3. List the prime factors of k.
3
Let v = -10 + 19. Suppose 4*p - 12 = -l, 6*p - 3*p - v = -2*l. Suppose t - 6 + 2 = l. What are the prime factors of t?
2
Let h = 16 - 65. What are the prime factors of ((-1)/1)/(1/h)?
7
Suppose 14*d - 54 = 8*d. What are the prime factors of d?
3
What are the prime factors of (-2352)/(-12) + 1 + -2?
3, 5, 13
Let i(z) = 8*z + 9. List the prime factors of i(6).
3, 19
Suppose 0 = -3*w + 10 + 2. Let c = 2 + w. What are the prime factors of c?
2, 3
Suppose u - 920 = -3*u. List the prime factors of u.
2, 5, 23
Suppose -2*h - 5*o = -14, 3*h = -3*o - 0 + 12. Let z = h - 4. What are the prime factors of (z/5)/(2/(-50))?
2, 5
Let s(i) = i**3 + 3*i**2 - 5*i - 2. Let a be s(-4). Let p = 1 + a. Suppose -5*g = -3*j + 17, p*j + 3*g - 7 = -2*g. What are the prime factors of j?
2
Let q(z) = 3 + 2*z - 5 - 4. Let l be q(4). Suppose 14 = g - l*h - h, -5*g - 2*h = -36. List the prime factors of g.
2
Suppose 3*i + 3*c + 0*c + 3 = 0, -3*i + 5*c - 3 = 0. Let m(f) = 4*f**2 + f. Let k be m(i). Suppose -8*u + 30 = -k*u. What are the prime factors of u?
2, 3
Suppose 22 = 4*i + 6. Let q(d) = 7*d + 1. List the prime factors of q(i).
29
Let j(k) = k**3 - 13*k**2 + 16*k - 11. Let u = 20 + -8. What are the prime factors of j(u)?
37
Suppose -3*f + 7*f = 4. Let w = 1 + f. Suppose -w*k = -35 + 1. What are the prime factors of k?
17
Let n be 8/4 - (1 + -2). Let i(x) = x**3 - x**2 - 3*x. What are the prime factors of i(n)?
3
Suppose 80 = c - 5*u, 3*u - 7 - 49 = -c. What are the prime factors of c?
5, 13
Let f(b) = -b**3 + 3*b**2 - b + 1. Let p be f(2). List the prime factors of 3/p + 0 - -4.
5
Let y(x) = x**2 + 2*x - 1. Suppose -o - 6 = -2*f, -3*o = -2*f - 3*f + 15. List the prime factors of y(f).
2, 7
Let v be -51 + 1 + (-14)/(-7). Let h = 74 + v. List the prime factors of h.
2, 13
Let h(p) = 3*p**2 + p. Let o be h(-1). Suppose 2*t - 3*y - 4 = 0, -o*t = -7*t - 4*y + 33. List the prime factors of t.
5
Let k be 2 - (-3 - -5 - -22). Let a(z) = -3*z**2 + 2*z + 2. Let g be a(2). List the prime factors of k/g + (-2)/(-6).
2
Let b be (-1 - -3)*6/4. Let l = 8 - 8. Suppose 3*y - 37 = -5*a, b*a + l = 4*y - 1. What are the prime factors of y?
2
Suppose -107 = 2*u - 3*u - d, 538 = 5*u + 2*d. List the prime factors of u.
2, 3
Let x be (24/(-14))/(6/(-63)). Let o = -4 + x. What are the prime factors of o?
2, 7
Let l(u) = -5*u - 3. Let f be l(-8). Suppose f = 4*n + 9. What are the prime factors of 2/n + 40/7?
2, 3
Let o(b) = -2*b + 0*b + b**3 - 5*b**2 - 6*b - 10. Let c be o(7). Suppose -k = 3*k - c. What are the prime factors of k?
2
Let r(o) = -2*o**2 - 5*o + 3. Let u be r(-4). Let s(m) = 8*m - 8*m**2 + 2 - 2*m**3 + m**3 - 1 - 2. What are the prime factors of s(u)?
2
List the prime factors of 54 - (-4 - -1 - -6).
3, 17
Let s(h) = 16*h + 30. What are the prime factors of s(8)?
2, 79
Let c = 28 - 19. Let q = c - 1. What are the prime factors of q?
2
Let j = 4 - 7. Let z(l) = l**3 - 6*l**2 + l - 7. Let k be z(6). What are the prime factors of -2*(j - (k - -4))?
2, 3
Let y be (-3 + 2 + 0)*6. Let u = 7 - y. List the prime factors of u.
13
Let m(c) = -c**3 + 7*c**2 + 10*c + 8. What are the prime factors of m(8)?
2, 3
Suppose -2*t + 5*w + 124 = 0, -5*t + 3*w + 229 = -62. What are the prime factors of t?
3, 19
Let w = 258 - 90. List the prime factors of w.
2, 3, 7
Let p(t) = -t**2 + 7*t - 4. What are the prime factors of p(6)?
2
Let l = -11 + 5. Let o be 100/6 - 2/l. Let f = o - 7. What are the prime factors of f?
2, 5
Suppose 179 = 3*o - 4*v - 116, 0 = 3*o - 5*v - 296. What are the prime factors of o?
97
Suppose 4*h - 20 = -3*v - 0*h, v - 6 = -h. Suppose v*w = 5*g + 55, 5*w + 2 = -3*g + 6. Let t(c) = c**3 + 7*c**2 - c - 3. What are the prime factors of t(g)?
2
List the prime factors of 170*(21/(-6) + 4).
5, 17
Let w = 172 - 47. What are the prime factors of w?
5
Suppose -2*r + 4*o - 10 = -r, 2*r - 4*o + 4 = 0. Suppose 0 = -3*m + 6*m + 6. Let j = m + r. What are the prime factors of j?
2
Let k(i) = -i**2 + 9*i - 7. List the prime factors of k(7).
7
Let f(o) = -o**2 - 7*o + 4. Let r be f(-7). Let b(w) = -w**2 + w**2 - w**2 + 2*w**2 - r. List the prime factors of b(-3).
5
What are the prime factors of 5 + -4 + 82/2?
2, 3, 7
Suppose 248 = 5*z + 58. List the prime factors of z.
2, 19
Suppose -2*v + 3 + 3 = 0, -q + 2*v + 217 = 0. What are the prime factors of q?
223
Suppose -184 = -v + 56. What are the prime factors of v?
2, 3, 5
Let y = 122 - 84. List the prime factors of y.
2, 19
Suppose 18 + 26 = 2*x. What are the prime factors of x?
2, 11
Suppose -4*i + 2*g + 10 = 4*g, -2*i + 5*g - 25 = 0. Suppose -5*y - 5*m + 17 = -8, 5*y - 11 = 2*m. Suppose i = y*j + 4 - 34. What are the prime factors of j?
2, 5
Let b(g) = g**2 - 5*g - 3. Let d be b(5). Let q(o) = -4*o**2 + 5*o + 2. Let c be q(d). List the prime factors of c/(-14)*(-8)/(-14).
2
Suppose 12 = -5*u - 8. Let w = 1 - u. Suppose 2*t = z - w*z + 28, 5*z = -5*t + 45. What are the prime factors of z?
5
Suppose 132 + 123 = 5*y. Suppose -5*m = u - y, 0 = -3*u + 5*m - 3*m + 119. Suppose a - u = -5*l - a, a = l - 4. What are the prime factors of l?
7
Let g(y) = 2*y**2 - 4*y - 3. Let z be g(5). Suppose 2*j + 3*r = -3*j, 0 = 5*j + 5*r. Suppose 7*p - 4*p - z = j. List the prime factors of p.
3
Suppose 21 = 3*z - 0. What are the prime factors of (z - 85)*(-2)/6?
2, 13
Let g = 2 + 2. Let b be (-62 + g)/(4/(-2)). Suppose 35 + b = 4*c. What are the prime factors of c?
2
Suppose -2*b - 60 = -4*b. Suppose 0 = 3*x + 2*x + b. What are the prime factors of x/(-7)*(-2 - -9)?
2, 3
Let r(p) = -2*p - 2. Let t(i) = i - 11. Let x be t(9). Let y be r(x). Suppose -2*m + 4 = y*s + 2*m, 3 = s + m. What are the prime factors of s?
2
Let k(h) = 2*h + 2. Let v be k(3). Suppose v = 2*c - 2. What are the prime factors of c?
5
Let l(w) = w - 1. Let z(m) = m**2 - 9*m - 6. Let c be z(10). Let y(f) = f. Let n(i) = c*l(i) - 7*y(i). List the prime factors of n(-5).
11
Let z(i) = 3*i - 1. Let v = 14 + -10. List the prime factors of z(v).
11
What are the prime factors of -92*(3 + (-28)/8)?
2, 23
Let f(q) = q**3 + 10*q**2 - 10*q - 8. Let d be f(-6). List the prime factors of d/10 + (-6)/10.
19
Suppose 5*c - 35 - 83 = -l, -l + 102 = c. List the prime factors of l.
2, 7
Let x(w) = -w**3 - 3*w**2 - 3*w - 4. Let s be x(-3). Suppose 5*c - 4*o + o - 50 = 0, c = s*o - 12. List the prime factors of c.
13
Let n be 1 - (7*-5 - -2). Suppose -4*v + 2*d + n = d, 5*v + 5*d = 30. Let b = 14 - v. What are the prime factors of b?
2, 3
Suppose 11*g - 10*g - 156 = 0. What are the prime factors of g?
2, 3, 13
Let x(a) = -a**2 + 21*a - 20. List the prime factors of x(16).
2, 3, 5
Suppose 3*p = -s + 10, -3*s + 2 + 8 = -p. List the prime factors of s/((-36)/(-15))*6.
2, 5
Let j(z) = -z - 7. Let l be j(-9). Suppose -3*f + 3*x = -l*f - 46, 4*x = -16. List the prime factors of f.
2, 17
Suppose -4*l - 6 = 6. Let n = l + 12. Let j = -5 + n. What are the prime factors of j?
2
Let f(w) = 5*w - w**2 - 3*w**2 - 3 + 3*w**2. Let o be f(5). List the prime factors of 2 - -5 - (1 + o).
3
Let o(s) = s**2 + 4*s - 3. Let b be o(-5). Suppose 3*y + b = 8. List the prime factors of y.
2
Suppose 5*j + 84 = 7*j. List the prime factors of j.
2, 3, 7
Suppose y + 4*y - 20 = 0. Let g(h) = 2*h**2 - 6*h + 2. What are the prime factors of g(y)?
2, 5
Suppose 0 = o + 5 + 2. Let l = o + 10. List the prime factors of l.
3
Let a(p) be the third derivative of p**5/60 - 13*p**4/24 + 2*p**3/3 + 4*p**2. What are the prime factors of a(13)?
2
Let q(p) = -p**3 + 8*p**2 - 2. Let g be q(8). Let a = -3 - -3. List the prime factors of 18 + a + -2 + g.
2, 7
Suppose 4*q - 9 = 23. Suppose 5*i - q = -3*z, -2*z + 0 + 2 = 5*i. What are th